9. Let z(o) = -o**2 + 6*o. Let x be z(5). Let j(q) = p + 5*q + x*q + 11 - 3 + q**2. Determine j(-10).
10
Let o(a) = -10 + 17*a**3 + 20*a**3 + 14*a + 9*a**2 + 12*a**3 - 48*a**3. Let f be o(-6). Let d(y) = y - 10. Calculate d(f).
4
Let a(y) = -49*y - 260. Let q = 3619 + -3624. Give a(q).
-15
Let u be -1*(1/(-9) + 0) + 1200/(-108). Let c(g) = 3*g + 20. Calculate c(u).
-13
Let q(y) = y**3 - 6*y**2 + 2*y - 11. Let v be 129/430 - (-342)/60. Give q(v).
1
Let l = -150 - -155. Let h(k) = -l - k - 11 + 26. Determine h(0).
10
Let h(d) be the first derivative of -d**4/4 + 23*d**3/3 + 13*d**2 - 32*d - 8841. Calculate h(24).
16
Let w = -5 - -10. Let v = -230 - -234. Let x(i) = 10*i + 5*i**2 - 13*i + v*i + 5 - i**3 - 3*i**3 + 3*i**3. Determine x(w).
10
Let w(f) be the second derivative of f**6/120 + f**5/12 - f**4/12 - 7*f**3/6 - 15*f**2 + 3*f + 3. Let s(v) be the first derivative of w(v). Give s(-5).
3
Suppose 0 = p + p + 20. Let r(f) be the second derivative of f**3/3 + 6*f**2 - f + 39518. Give r(p).
-8
Let a(g) = 4*g. Let o(n) = n**3 - 7*n**2 - 24*n + 15. Let r be o(9). Let j = r - -40. Calculate a(j).
4
Let t(o) be the third derivative of 0 - 41/6*o**3 + 0*o + 1/60*o**5 + 1/24*o**4 + 137*o**2. Calculate t(0).
-41
Let g(z) = -z**3 + 4*z**2 + 4*z - 5. Let j be (0/(-8)*1)/(-2). Determine g(j).
-5
Let c(v) = 2*v + 6. Let q(d) = d**2 - 7*d + 176. Let t be q(0). Let u = t - 150. Suppose -18*f + u*f = -64. What is c(f)?
-10
Let t(j) be the first derivative of -160 - 6*j - 1/4*j**4 + 8/3*j**3 - 3/2*j**2. Determine t(7).
22
Let x(m) = -m**3 - 7*m**2 + 5*m + 27. Suppose 3324*h = 3441*h + 819. Calculate x(h).
-8
Let b(p) be the second derivative of p**5/60 + 11*p**4/24 + p**3/3 - 17*p**2/2 + 6*p - 3. Let x(j) be the second derivative of b(j). Calculate x(-9).
-7
Let d(z) = -z**3 - 4*z**2 + z - 4. Let u be 0 + (-17)/4 - 36/(-144). What is d(u)?
-8
Let a(f) be the second derivative of f**4/12 + f**3/3 - 8*f**2 - 2694*f. Give a(-7).
19
Let n(h) = h**2 - h - 3. Let c be n(-1). Let j(q) = -13*q**3 - 2*q**2. Let f(r) = 121*r**3 + 13*r**2. Let w(o) = -f(o) - 6*j(o). Give w(c).
42
Let s(f) = 0*f - 11885 - 6*f + 11850. Calculate s(-8).
13
Let b(a) = 30*a**2 - 3*a - 1. Let m(i) = 176*i**2 - 38*i - 13. Let f(d) = 6*b(d) - m(d). Give f(-8).
103
Let t(m) = 15 - 9 - 3 - m**2 - 8*m. Let k(d) = -d + 15. Let f be k(23). Determine t(f).
3
Suppose 169 = 17*s - 30*s. Let j(i) = 8*i - 35. Let z(r) = 4*r - 15. Let b(a) = s*z(a) + 6*j(a). Determine b(-6).
9
Let l(z) = 9*z**2 + 7*z + 67 - 69 - 17*z**3 - 15*z**3 + 42*z**3 - 9*z**3. Suppose -2*a - 42 = 2*a - 2*x, -4*a + x = 37. Determine l(a).
6
Let a(f) be the second derivative of -f**5/20 - f**4/3 + 7*f**3/6 - f**2/2 - 59*f - 5. What is a(-6)?
29
Let z(t) = -3*t**2 + 10*t + 3. Let l(p) = -3*p**2 + 4*p + 2. Let g(a) = 4*l(a) - 3*z(a). Determine g(-5).
-6
Let d(p) = -4*p - 1. Let h be -3*44/33*2/(-4). Let i(u) = 5*u - 4. Let w(n) = h*i(n) + 2*d(n). What is w(10)?
10
Suppose 5*s + 20 = 0, -29*p + 4*s = -31*p - 6. Let a(l) = -1 + l + 4 - 7 + 6. Determine a(p).
7
Let f(r) = 2*r**2 + 15*r - 14. Let w(v) = v**2 - 82*v + 942. Let y be w(14). Determine f(y).
36
Suppose 5*u + 22 = 2*k - 3*k, -u + 5*k = -6. Let s(z) = -7*z**2 + 103*z - 41. Let m(c) = -11*c**2 + 165*c - 65. Let r(y) = 5*m(y) - 8*s(y). Give r(u).
15
Let y(l) = -l + 21. Let z be y(19). Let b(u) = -5*u**2 + 4*u + 2. Let x(h) = h**3 + 16*h**2 - 13*h - 7. Let n(o) = -7*b(o) - 2*x(o). Determine n(z).
-8
Let b(p) = -5 + 32334*p + p**2 - 8 - 32348*p. Calculate b(11).
-46
Let n be (-2)/10*2 + 242/55. Let z(f) = 2*f - n*f + 28 - 25. Let o be z(3). Let m(w) = w**2 + w - 3. What is m(o)?
3
Let x(k) = -7*k**2 - 16*k - 11. Let f(r) = -2*r**2 - 3*r - 3. Let p(z) = 4*f(z) - x(z). Give p(1).
2
Let q be ((540/80)/((-12)/64))/2. Let k(w) = -5*w - 85. Determine k(q).
5
Let c(s) = s + 1. Let d(l) = 6*l + 4. Let p be -1*(-2)/1*-2. Let y(z) = p*c(z) + d(z). Let w(j) = j**2 + 6*j - 5. Let o be w(-6). Determine y(o).
-10
Let w = -21 + 24. Suppose -4*a + 5*n - 1 + 24 = 0, 3*n + 3 = -w*a. Let p(y) = y**3 + 4 + 0*y**3 - 2*y**3 + 3 - 7*y**a. Give p(-7).
7
Let i(v) = 351*v + 3516. Let x be i(-10). Suppose -4*c - c = -r - 10, c + 4*r + 19 = 0. Let q(l) = -l**2 - c - 4*l + x*l + 0*l**2. Give q(4).
-9
Let n(a) be the second derivative of 1 + 1/2*a**2 - 7/6*a**3 + 63*a. What is n(3)?
-20
Let v = 5608 + -5591. Let f(n) = n**3 - 16*n**2 - 20*n + 57. Determine f(v).
6
Let w(n) = -3*n**2 - 9*n**2 - 3*n**2 + 2*n**2. Suppose 0 = 5*j - 1 - 69. Suppose j*d = 16*d + 2. Calculate w(d).
-13
Suppose -2*c - 163*l + 159*l + 40 = 0, 2*l - 10 = 0. Let f(p) = 2*p**2 - 22*p + 21. Give f(c).
1
Let l(c) = -8*c**2 + 51*c**2 - 8*c + c**3 - 21*c**2 - 12*c**2 + 1 - 13*c**2. Calculate l(5).
11
Let f(o) = o**2 - o + 1. Let v be f(4). Let r(q) = 0*q**2 + 33 - 8 + 19*q + v + q**2. Let b be r(-17). Let d(u) = u**3 - 5*u**2 + 4*u + 3. Give d(b).
3
Suppose -174 = -3*f - 55*f. Let n(p) be the second derivative of -12*p + 3/2*p**2 + 1/6*p**4 + 1/2*p**f - 1/20*p**5 + 0. What is n(3)?
3
Suppose -14*c + 8*c = -42. Let n(q) = -4*q + 7. Let j(d) = -5*d + 7. Let a(s) = 3*j(s) - 4*n(s). Calculate a(c).
0
Let g be (-9 + -3)/((-12)/6). Let y(v) = -g*v**2 + 14*v - 3 + 5 - 13*v - 3. What is y(1)?
-6
Suppose -3933 = -25*g + 42. Suppose 163*h = g*h - 4. Let m(k) = -2*k**3 - 2*k - 1. Calculate m(h).
3
Let n(b) be the second derivative of b**3/6 - 27*b**2/2 + 552*b. Give n(13).
-14
Suppose -8*j = -23*j - 525. Let g = -33 - j. Let o(y) = -g*y + 6 - 1 - 3 - y**2 - 3. What is o(-2)?
-1
Let w(j) = 4*j - 68. Let f = 27795 - 27773. What is w(f)?
20
Let a(r) = r**2 - 38*r + 303. Let n be a(11). Let d(q) = q**3 - 8*q**2 + 7*q + 6. What is d(n)?
-24
Let i(q) = q**2 + q + 1. Let x(g) = -6*g**2 + 7*g - 13. Let z(a) = 5*i(a) + x(a). Suppose -40 = -162*d + 157*d. Determine z(d).
24
Let u(f) be the third derivative of -17*f**5/60 - f**4/24 + f**3 + 748*f**2. Give u(-2).
-60
Let x = 0 + -1. Let r(d) be the third derivative of -4*d**5/15 + 2359*d**2. Determine r(x).
-16
Let v be 935/275 - 4/10. Suppose 0 = 3*f + p - 4, 0 = -0*f - f - 3*p - 4. Let y(l) = -5*l**f - 382*l + 3 + 377*l + l**2 + l**v. Determine y(5).
3
Let i = -2624 - -2604. Let b(d) = -d**3 - 21*d**2 - 22*d - 31. Calculate b(i).
9
Let k(d) = -4*d**3 - 2*d**2 + 4*d + 5. Let l be k(3). Let o = 101 + l. Let c(q) = q**2 + 5*q + 6. Calculate c(o).
30
Let u(y) = y + 10. Let v be -2 + (-4887)/12 + 6/(-8). Let j = 403 + v. Calculate u(j).
3
Let a(u) = 42*u - 373. Let c be a(9). Let s(t) be the second derivative of -7/12*t**4 + 1/3*t**3 - 1/20*t**c + 24*t + 0 + 5/2*t**2. What is s(-7)?
-9
Let u(x) be the first derivative of x**3/3 - x**2/2 - 9*x + 4155. What is u(-6)?
33
Let o be (35 - 35)*(-1)/(-3). Suppose -j - 3*g - 4 = o, -3*j - 6*g = -10*g - 27. Let a(p) = p**2 - 6*p + 4. Give a(j).
-1
Let z(v) be the second derivative of -v**4/12 + 3*v**3/2 + 10*v**2 - v + 155. Calculate z(11).
-2
Let j(l) = 52 - 17 + 43*l - 45*l - 27 + 72. What is j(26)?
28
Suppose 1 + 47 = -8*v. Let q be (-3*(-2)/3)/(3/v). Let d be (-3)/(-2) - 2/q. Let r(x) = 5*x**2 - 4*x + 2. Give r(d).
14
Suppose -f = 3*g + 5, -5 - 10 = 3*f - 5*g. Suppose -4*s + 6 = -5*o, 2*s = 3*o - s + 6. Let n(w) = w**2 - w + 2*w**o + 6*w - 4 - 2*w**2. Determine n(f).
-4
Let n = -53 - -55. Suppose 3*r - n - 10 = 0. Suppose -44 = -r*u - 96. Let z(g) = -g**2 - 12*g + 10. Determine z(u).
-3
Let r be 490/6 + 28/21. Suppose 121 = 6*t - r. Let g(i) = -76 + 40 + t - i. Give g(5).
-7
Let n(r) be the third derivative of -r**6/120 - r**5/20 + 5*r**4/24 + 2*r**3 + 2*r**2 + 41. What is n(-4)?
8
Suppose 10 = 2*j - 5*y, 5*y + 10 = -2*j - 0*y. Let i(v) = 0*v + 162 + v + j*v + v**3 - 161 + 3*v**2. Let m be ((-4)/10)/((-2)/(-10)). What is i(m)?
3
Let b(k) = 18*k - 185. Suppose -5*f + 12 = -2*w, 5*w = -3*f + 4*f + 39. Calculate b(w).
-23
Let l(m) be the third derivative of -m**4/12 - 3*m**3/2 - 715*m**2. Suppose 8 = 2*r - r. Suppose 0 = -9*n + r*n - 9. Give l(n).
9
Let s(f) = 7*f**3 - f. Let w = -6 - -6. Suppose 2*v + 4*u = 28, 4*u - 20 = -w. Let t be 8 + -8 + v + -3. Give s(t).
6
Let i(f) = -12*f**2 + 270*f + 53. Let b(x) = -2*x**2 + 55*x + 11. Let l(a) = -11*b(a) + 2*i(a). Calculate l(-32).
17
Suppose 89*v - 180 = 85*v. Suppose 2*x - v = -7*x. Let b(s) = -3*s**2 + 17*s - 3. Determine b(x).
7